e the prime factors of 9451289?
9451289
List the prime factors of 33555.
3, 5, 2237
What are the prime factors of 2380627?
2380627
List the prime factors of 73074.
2, 3, 19, 641
What are the prime factors of 14228110?
2, 5, 13, 8419
List the prime factors of 987006.
2, 3, 179, 919
What are the prime factors of 2980?
2, 5, 149
What are the prime factors of 255668?
2, 7, 23, 397
List the prime factors of 5669038.
2, 853, 3323
What are the prime factors of 939675?
3, 5, 11, 17, 67
What are the prime factors of 213601?
23, 37, 251
What are the prime factors of 5582421?
3, 13, 47713
List the prime factors of 194321.
317, 613
What are the prime factors of 789542?
2, 13, 30367
List the prime factors of 2861417.
13, 53, 4153
List the prime factors of 204983.
204983
List the prime factors of 78447.
3, 79, 331
What are the prime factors of 2048959?
11, 17, 10957
List the prime factors of 1011906.
2, 3, 7, 2677
List the prime factors of 47688.
2, 3, 1987
What are the prime factors of 193080?
2, 3, 5, 1609
What are the prime factors of 421207?
421207
List the prime factors of 280990.
2, 5, 28099
List the prime factors of 2478616.
2, 7, 6323
List the prime factors of 2423079.
3, 269231
List the prime factors of 1614700.
2, 5, 67, 241
What are the prime factors of 376810?
2, 5, 7, 769
List the prime factors of 30061.
23, 1307
What are the prime factors of 1078240?
2, 5, 23, 293
List the prime factors of 922738.
2, 181, 2549
List the prime factors of 2022540.
2, 3, 5, 13, 2593
List the prime factors of 138012.
2, 3, 7, 31, 53
What are the prime factors of 300570?
2, 3, 5, 43, 233
List the prime factors of 22723.
31, 733
List the prime factors of 12458161.
17, 732833
List the prime factors of 271999.
7, 13, 61
What are the prime factors of 538127?
538127
List the prime factors of 201663.
3, 7, 11, 97
List the prime factors of 1430113.
157, 9109
List the prime factors of 472874.
2, 29, 31, 263
What are the prime factors of 6382450?
2, 5, 127649
List the prime factors of 6437276.
2, 19, 84701
What are the prime factors of 1493359?
7, 213337
List the prime factors of 261824.
2, 4091
List the prime factors of 13053052.
2, 23, 53, 2677
What are the prime factors of 228360?
2, 3, 5, 11, 173
List the prime factors of 276444.
2, 3, 7, 1097
What are the prime factors of 409837?
23, 103, 173
List the prime factors of 8453834.
2, 23, 37, 4967
List the prime factors of 3974018.
2, 151, 13159
List the prime factors of 12070045.
5, 13, 185693
List the prime factors of 1176360.
2, 3, 5, 9803
List the prime factors of 719881.
139, 5179
List the prime factors of 373852.
2, 93463
List the prime factors of 3043481.
7, 434783
List the prime factors of 2421475.
5, 7, 101, 137
List the prime factors of 19138131.
3, 2126459
List the prime factors of 18369720.
2, 3, 5, 73, 233
What are the prime factors of 153590?
2, 5, 15359
What are the prime factors of 112674?
2, 3, 89, 211
What are the prime factors of 797751?
3, 137, 647
List the prime factors of 4677659.
7, 211, 3167
List the prime factors of 5404697.
1217, 4441
List the prime factors of 194134.
2, 113, 859
List the prime factors of 166522.
2, 139, 599
List the prime factors of 754310.
2, 5, 75431
List the prime factors of 210048.
2, 3, 547
What are the prime factors of 2476220?
2, 5, 17, 7283
List the prime factors of 1200022.
2, 600011
What are the prime factors of 6142?
2, 37, 83
What are the prime factors of 4059002?
2, 2029501
What are the prime factors of 249238?
2, 11, 11329
List the prime factors of 5637943.
197, 28619
What are the prime factors of 173038?
2, 241, 359
What are the prime factors of 163996?
2, 7, 5857
What are the prime factors of 7940563?
211, 37633
List the prime factors of 3466899.
3, 59, 6529
What are the prime factors of 169952?
2, 47, 113
What are the prime factors of 162813?
3, 7, 7753
What are the prime factors of 12379?
12379
List the prime factors of 46094.
2, 19, 1213
List the prime factors of 10126274.
2, 31, 163327
What are the prime factors of 852638?
2, 426319
What are the prime factors of 200299?
11, 131, 139
List the prime factors of 220967.
149, 1483
List the prime factors of 1072091.
211, 5081
List the prime factors of 5464706.
2, 13, 101, 2081
What are the prime factors of 87032?
2, 11, 23, 43
List the prime factors of 183864.
2, 3, 47, 163
List the prime factors of 294495.
3, 5, 29, 677
What are the prime factors of 994316?
2, 248579
What are the prime factors of 10868?
2, 11, 13, 19
What are the prime factors of 16365176?
2, 2045647
List the prime factors of 369026.
2, 7, 43, 613
What are the prime factors of 3384631?
1493, 2267
List the prime factors of 213406.
2, 106703
List the prime factors of 120145.
5, 24029
What are the prime factors of 4390274?
2, 7, 557, 563
List the prime factors of 154961.
83, 1867
List the prime factors of 4633944.
2, 3, 7, 27583
List the prime factors of 10242603.
3, 7, 367, 443
What are the prime factors of 548362?
2, 487, 563
List the prime factors of 2512593.
3, 93059
List the prime factors of 494020.
2, 5, 17, 1453
What are the prime factors of 134614?
2, 67307
List the prime factors of 1268446.
2, 634223
What are the prime factors of 284442?
2, 3, 47407
What are the prime factors of 7290705?
3, 5, 17, 28591
List the prime factors of 2317771.
41, 56531
List the prime factors of 443093.
7, 63299
What are the prime factors of 399899?
399899
What are the prime factors of 4871970?
2, 3, 5, 54133
What are the prime factors of 86474?
2, 43237
What are the prime factors of 183887?
11, 73, 229
List the prime factors of 10537487.
10537487
What are the prime factors of 1235433?
3, 43, 61, 157
What are the prime factors of 40926?
2, 3, 19, 359
What are the prime factors of 299536?
2, 97, 193
What are the prime factors of 3605152?
2, 113, 997
What are the prime factors of 177861?
3, 101, 587
What are the prime factors of 536474?
2, 268237
List the prime factors of 454129.
13, 181, 193
What are the prime factors of 1011768?
2, 3, 42157
List the prime factors of 5177949.
3, 7, 246569
List the prime factors of 6934699.
41, 79, 2141
List the prime factors of 17989524.
2, 3, 7, 71387
What are the prime factors of 1308144?
2, 3, 27253
List the prime factors of 81384.
2, 3, 3391
What are the prime factors of 1024290?
2, 3, 5, 19, 599
List the prime factors of 250598.
2, 125299
What are the prime factors of 1288603?
1288603
List the prime factors of 2537661.
3, 7, 61, 283
What are the prime factors of 439773?
3, 17, 8623
What are the prime factors of 7941634?
2, 71, 55927
What are the prime factors of 323705?
5, 101, 641
List the prime factors of 14110560.
2, 3, 5, 41, 239
What are the prime factors of 610318?
2, 19, 16061
What are the prime factors of 23088520?
2, 5, 7, 13, 6343
What are the prime factors of 1495038?
2, 3, 67, 3719
List the prime factors of 188539.
13, 14503
List the prime factors of 2668282.
2, 1334141
List the prime factors of 3349927.
7, 23, 20807
What are the prime factors of 125369?
283, 443
List the prime factors of 727313.
727313
What are the prime factors of 1097093?
197, 5569
What are the prime factors of 479616?
2, 3, 1249
What are the prime factors of 318411?
3, 3931
List the prime factors of 4978.
2, 19, 131
What are the prime factors of 3790498?
2, 1895249
List the prime factors of 1894188.
2, 3, 23, 6863
What are the prime factors of 11098?
2, 31, 179
List the prime factors of 5291127.
3, 23, 25561
List the prime factors of 277575.
3, 5, 3701
List the prime factors of 21907000.
2, 5, 19, 1153
List the prime factors of 263098.
2, 11, 11959
What are the prime factors of 4142660?
2, 5, 103, 2011
What are the prime factors of 4195376?
2, 263, 997
List the prime factors of 11821.
11821
List the prime factors of 2452184.
2, 7, 43789
What are the prime factors of 498812?
2, 124703
List the prime factors of 271716.
2, 3, 22643
List the prime factors of 993825.
3, 5, 7, 631
What are the prime factors of 1488620?
2, 5, 7, 31
List the prime factors of 39913.
167, 239
What are the prime factors of 2206508?
2, 19, 29033
List the prime factors of 737316.
2, 3, 6827
What are the prime factors of 13728228?
2, 3, 1144019
What are the prime factors of 8926977?
3, 31, 95989
List the prime factors of 4326657.
3, 113, 12763
What are the prime factors of